{"id":21,"date":"2018-06-28T17:31:36","date_gmt":"2018-06-28T15:31:36","guid":{"rendered":"http:\/\/tymoddycham.uj.edu.pl\/wordpress\/?page_id=21"},"modified":"2023-09-09T17:35:54","modified_gmt":"2023-09-09T15:35:54","slug":"o-projekcie","status":"publish","type":"page","link":"https:\/\/tymoddycham.uj.edu.pl\/index.php\/o-projekcie\/","title":{"rendered":"O projekcie"},"content":{"rendered":"<p>Projekt badawczy Storm&amp;DustNet jest realizowany w <a href=\"http:\/\/www.if.uj.edu.pl\/instytut\/struktura\" target=\"_blank\" rel=\"noopener\">\u00bbInstytucie Fizyki im. Mariana Smoluchowskiego <\/a> <a href=\"http:\/\/www.uj.edu.pl\/struktura\" target=\"_blank\" rel=\"noopener\"> \u00bbUniwersytetu Jagiello\u0144skiego<\/a> w Krakowie. Innowacyjne rozwi\u0105zania technologiczne, zastosowane w ramach projektu, s\u0105 wspierane przez Centrum Transferu Technologii CITTRU UJ.<\/p>\n<h3><strong>G\u0142\u00f3wn\u0105 motywacj\u0105 kieruj\u0105c\u0105 naszymi dzia\u0142aniami jest d\u0105\u017cenie do wykorzystania zgromadzonej wiedzy w celu podniesienia jako\u015bci \u017cycia spo\u0142ecze\u0144stwa oraz ochrony jego zdrowia i \u017cycia.\u00a0<\/strong><\/h3>\n<p><strong>Nasze dzia\u0142ania obejmuj\u0105 nast\u0119puj\u0105ce aspekty:<\/strong><\/p>\n<ol>\n<li>Realizacja pomiar\u00f3w st\u0119\u017cenia py\u0142u zawieszonego w powietrzu (PM), maj\u0105cych na celu dok\u0142adn\u0105 analiz\u0119 stanu atmosfery.<\/li>\n<li><a href=\"https:\/\/tymoddycham.uj.edu.pl\/index.php\/publikacje\/\">Opracowywanie wynik\u00f3w bada\u0144 oraz publikowanie wynik\u00f3w w renomowanych czasopismach naukowych.<\/a><\/li>\n<li><a href=\"https:\/\/tymoddycham.uj.edu.pl\/\">Wizualizacja wynik\u00f3w w formie online, umo\u017cliwiaj\u0105ca \u0142atwy dost\u0119p do aktualnych danych.<\/a><\/li>\n<li><a href=\"https:\/\/www.wfos.krakow.pl\/konferencja-ograniczenie-niskiej-emisji-na-terenie-gminy-kalwaria-zebrzydowska-19-01-2023-r\/\">Aktywny udzia\u0142 w edukacji spo\u0142ecze\u0144stwa<\/a>, skoncentrowany na prezentowaniu negatywnych konsekwencji zdrowotnych zwi\u0105zanych z wysokimi st\u0119\u017ceniami PM.<\/li>\n<li>Dzia\u0142ania maj\u0105ce na celu podniesienie \u015bwiadomo\u015bci spo\u0142ecznej, \u017ce wysokie st\u0119\u017cenia PM s\u0105 bezpo\u015brednim i mierzalnym skutkiem dzia\u0142alno\u015bci cz\u0142owieka.<\/li>\n<li><a href=\"https:\/\/tymoddycham.uj.edu.pl\/index.php\/wspolpraca\/\">Wsp\u00f3\u0142praca z samorz\u0105dami lokalnymi, maj\u0105ca na celu wsp\u00f3lne dzia\u0142ania na rzecz poprawy jako\u015bci powietrza.<\/a><\/li>\n<\/ol>\n<p>Projekt Storm&amp;DustNet podzielony jest na kilka etap\u00f3w.<\/p>\n<p style=\"padding-left: 30px;\"><img loading=\"lazy\" decoding=\"async\" class=\"wp-image-794 alignleft\" src=\"https:\/\/tymoddycham.uj.edu.pl\/wp-content\/uploads\/2018\/07\/StormDust_piktogram1_crop__005ca7.jpg\" alt=\"\" width=\"130\" height=\"130\" \/>Pierwsza faza projektu zosta\u0142a ju\u017c pomy\u015blnie zako\u0144czona. Jej g\u0142\u00f3wnym zadaniem by\u0142o skonstruowanie, zbudowanie oraz wdro\u017cenie bezprzewodowej sieci stacji pomiarowych, kt\u00f3re zosta\u0142y wyposa\u017cone w zestaw sensor\u00f3w zdolnych do monitorowania takich parametr\u00f3w jak: temperatura, ci\u015bnienie oraz wilgotno\u015b\u0107 powietrza. Dodatkowo, stacje te s\u0105 wyposa\u017cone w czujniki umo\u017cliwiaj\u0105ce pomiar i analiz\u0119 stopnia zapylenia, w tym pomiar st\u0119\u017cenia PM1, PM2.5 i PM10. Wybrane dane mo\u017cna \u015bledzi\u0107 w czasie rzeczywistym za pomoc\u0105 <a href=\"https:\/\/tymoddycham.uj.edu.pl\/\">map i wykres\u00f3w dost\u0119pnych online.<\/a><br \/>W ramach drugiego etapu, planujemy wzbogaci\u0107 funkcjonalno\u015b\u0107 stacji pomiarowych o dodatkowe czujniki, kt\u00f3re b\u0119d\u0105 zdolne do monitorowania st\u0119\u017ce\u0144 dwutlenku w\u0119gla (CO2) oraz tlenku w\u0119gla (CO) w atmosferze.<\/p>\n<p style=\"padding-left: 30px;\"><img loading=\"lazy\" decoding=\"async\" class=\"wp-image-795 alignleft\" src=\"https:\/\/tymoddycham.uj.edu.pl\/wp-content\/uploads\/2018\/07\/StormDust_piktogram2_crop__005ca7.jpg\" alt=\"\" width=\"130\" height=\"130\" \/>Aerozole atmosferyczne oraz cz\u0105stki zawieszone oznaczone jako PM pe\u0142ni\u0105 kluczow\u0105 rol\u0119 w procesach atmosferycznych, funkcjonuj\u0105c jako j\u0105dra kondensacji. S\u0105 one nieodzownym elementem w procesie formowania kropel chmurowych, co z kolei jest fundamentalne dla kreacji struktur chmurowych, w\u0142\u0105czaj\u0105c w to formacje burzowe. W kontek\u015bcie dalszego rozwoju, planujemy rozszerzy\u0107 infrastruktur\u0119 stacji pomiarowych o detektory przeznaczone do monitorowania wy\u0142adowa\u0144 atmosferycznych. Aktualnie analizujemy mo\u017cliwo\u015b\u0107 implementacji dw\u00f3ch r\u00f3\u017cnych typ\u00f3w detektor\u00f3w: elektromagnetycznych (EM) oraz akustycznych (AK). Nale\u017cy zaznaczy\u0107, \u017ce prototyp detektora EM zosta\u0142 ju\u017c skonstruowany i obecnie jest w fazie test\u00f3w operacyjnych. Implementacja sieci takich urz\u0105dze\u0144 umo\u017cliwi ci\u0105g\u0142y monitoring elektrycznej aktywno\u015bci burzowej na terenie Krakowa oraz s\u0105siednich region\u00f3w, dostarczaj\u0105c danych w czasie rzeczywistym, co znacz\u0105co przyczyni si\u0119 do rozwoju bada\u0144 w tej dziedzinie.<\/p>\n\n\n<p><strong>Dotychczasowe prace badawcze obejmuj\u0105:<\/strong><\/p>\n\n\n\n<ol class=\"wp-block-list\"><li>Inicjatywa monitorowania jako\u015bci powietrza: Prezentacja projektu uniwersyteckiej bezprzewodowej sieci stacji monitoruj\u0105cych jako\u015b\u0107 powietrza oraz warunki atmosferyczne, realizowanego w Instytucie Fizyki im. Mariana Smoluchowskiego Uniwersytetu Jagiello\u0144skiego w Krakowie (Nieckarz Z. 2021).<\/li><li>Kalibracja i optymalizacja sensor\u00f3w jako\u015bci powietrza: Opracowanie nowego systemu kalibracji dla tanich sensor\u00f3w mierz\u0105cych py\u0142 zawieszony z kontrolowan\u0105 pr\u0119dko\u015bci\u0105 powietrza, temperatur\u0105 i wilgotno\u015bci\u0105 (Nieckarz Z., Zoladz J. A. 2021).<\/li><li>Wp\u0142yw zanieczyszcze\u0144 powietrza na jako\u015b\u0107 produkt\u00f3w spo\u017cywczych: Analiza koncentracji py\u0142u zawieszonego w powietrzu w oborze i jego wp\u0142yw na zawarto\u015b\u0107 metali ci\u0119\u017ckich w mleku (Nieckarz, Z., Pawlak, K., Baran, A. et al. 2023).<\/li><li>Zdrowie i sport w kontek\u015bcie jako\u015bci powietrza: Badanie wp\u0142ywu wydajno\u015bci w maratonie na ilo\u015b\u0107 py\u0142u zawieszonego osadzaj\u0105cego si\u0119 w uk\u0142adzie oddechowym biegaczy, jako argument za organizacj\u0105 \u201emaraton\u00f3w w czystym powietrzu\u201d (Zoladz J. A., Nieckarz Z. 2021).<\/li><li>Wp\u0142yw zanieczyszcze\u0144 powietrza na dobrostan zwierz\u0105t: Analiza wp\u0142ywu aerozoli bakteryjnych, py\u0142u zawieszonego i parametr\u00f3w mikroklimatu na dobrostan zwierz\u0105t w ogrodzie zoologicznym w Chorzowie oraz badanie wp\u0142ywu smogu na koncentracj\u0119 py\u0142u zawieszonego w domu antylop w \u015al\u0105skim Ogrodzie Zoologicznym (Grzyb J., Pawlak K. 2021; Pawlak K, Nieckarz Z. 2020).<\/li><\/ol>\n\n\n\n<p><\/p>\n\n\n\n<p><\/p>\n","protected":false},"excerpt":{"rendered":"<p>Projekt badawczy Storm&amp;DustNet jest realizowany w \u00bbInstytucie Fizyki im. Mariana Smoluchowskiego \u00bbUniwersytetu Jagiello\u0144skiego w Krakowie. Innowacyjne rozwi\u0105zania technologiczne, zastosowane w ramach projektu, s\u0105 wspierane przez Centrum Transferu Technologii CITTRU UJ. G\u0142\u00f3wn\u0105 motywacj\u0105 kieruj\u0105c\u0105 naszymi dzia\u0142aniami jest d\u0105\u017cenie do wykorzystania zgromadzonej wiedzy w celu podniesienia jako\u015bci \u017cycia spo\u0142ecze\u0144stwa oraz ochrony jego zdrowia i \u017cycia.\u00a0 Nasze dzia\u0142ania &#8230; <a title=\"O projekcie\" class=\"read-more\" href=\"https:\/\/tymoddycham.uj.edu.pl\/index.php\/o-projekcie\/\">Read more<span class=\"screen-reader-text\">O projekcie<\/span><\/a><\/p>\n","protected":false},"author":1,"featured_media":0,"parent":0,"menu_order":0,"comment_status":"closed","ping_status":"closed","template":"","meta":{"generate_page_header":"","footnotes":""},"class_list":["post-21","page","type-page","status-publish"],"_links":{"self":[{"href":"https:\/\/tymoddycham.uj.edu.pl\/index.php\/wp-json\/wp\/v2\/pages\/21","targetHints":{"allow":["GET"]}}],"collection":[{"href":"https:\/\/tymoddycham.uj.edu.pl\/index.php\/wp-json\/wp\/v2\/pages"}],"about":[{"href":"https:\/\/tymoddycham.uj.edu.pl\/index.php\/wp-json\/wp\/v2\/types\/page"}],"author":[{"embeddable":true,"href":"https:\/\/tymoddycham.uj.edu.pl\/index.php\/wp-json\/wp\/v2\/users\/1"}],"replies":[{"embeddable":true,"href":"https:\/\/tymoddycham.uj.edu.pl\/index.php\/wp-json\/wp\/v2\/comments?post=21"}],"version-history":[{"count":37,"href":"https:\/\/tymoddycham.uj.edu.pl\/index.php\/wp-json\/wp\/v2\/pages\/21\/revisions"}],"predecessor-version":[{"id":1873,"href":"https:\/\/tymoddycham.uj.edu.pl\/index.php\/wp-json\/wp\/v2\/pages\/21\/revisions\/1873"}],"wp:attachment":[{"href":"https:\/\/tymoddycham.uj.edu.pl\/index.php\/wp-json\/wp\/v2\/media?parent=21"}],"curies":[{"name":"wp","href":"https:\/\/api.w.org\/{rel}","templated":true}]}}