{"id":1473,"date":"2020-09-15T23:19:04","date_gmt":"2020-09-15T21:19:04","guid":{"rendered":"http:\/\/tymoddycham.uj.edu.pl\/?page_id=1473"},"modified":"2025-05-13T12:59:17","modified_gmt":"2025-05-13T10:59:17","slug":"press-informations","status":"publish","type":"page","link":"https:\/\/tymoddycham.uj.edu.pl\/index.php\/en\/press-informations\/","title":{"rendered":"Publications"},"content":{"rendered":"\n<h3 class=\"wp-block-heading\"><strong>Science publications<\/strong><\/h3>\n\n\n\n<p>Nieckarz, Z., Pawlak, K. &amp; Zoladz, J.A. 2023. Health risks for children exercising in an air-polluted environment can be reduced by monitoring air quality with low-cost particle sensors.\u00a0<em>Sci Rep<\/em>\u00a0<strong>13<\/strong>, 18261 (2023). <a href=\"https:\/\/doi.org\/10.1038\/s41598-023-45426-3\"><strong>https:\/\/doi.org\/10.1038\/s41598-023-45426-3<\/strong><\/a><\/p>\n\n\n\n<p>Nieckarz, Z., Pawlak, K., Baran, A.&nbsp;<em>et al.<\/em>&nbsp;2023. The concentration of particulate matter in the barn air and its influence on the content of heavy metals in milk.&nbsp;<em>Sci Rep<\/em>&nbsp;<strong>13<\/strong>, 10626. DOI:<strong>&nbsp;<a rel=\"noreferrer noopener\" href=\"https:\/\/doi.org\/10.1038\/s41598-023-37567-2\" target=\"_blank\">https:\/\/doi.org\/10.1038\/s41598-023-37567-2<\/a><\/strong><\/p>\n\n\n\n<p>Nieckarz Z., Zoladz J. A. 2021. New Calibration System for Low-Cost Suspended Particulate Matter Sensors with Controlled Air Speed, Temperature and Humidity. <em>Sensors<\/em>, <strong>21<\/strong>, 5845, DOI: <strong><a href=\"https:\/\/doi.org\/10.3390\/s21175845\">https:\/\/doi.org\/10.3390\/s21175845<\/a><\/strong><\/p>\n\n\n\n<p>Zoladz J. A., Nieckarz Z. 2021. Marathon race performance increases the amount of particulate matter deposited in the respiratory system of runners: an incentive for &#8220;&#8221;clean air marathon runs&#8221;. <em>PeerJ<\/em>, <strong>9<\/strong>:e11562, DOI: <a href=\"https:\/\/doi.org\/10.7717\/peerj.11562\"><strong>https:\/\/doi.org\/10.7717\/peerj.11562<\/strong><\/a><\/p>\n\n\n\n<p>Nieckarz Z. 2021. The Marian Smoluchowski Institute of Physics of the Jagiellonian University has created a wireless network of stations to monitor air and atmospheric conditions, named Storm&amp;DustNet, with the aim of improving the quality of air. <em>Jagiellonian Projector &#8217;21<\/em>, <strong>Nr 3<\/strong>, 23, <strong>ISBN 978-83-940724-3-8 <\/strong><\/p>\n\n\n\n<p>Pawlak K, Nieckarz Z. 2020. The impact of smog on the concentration of particulate matter in the antelope house in the Silesian zoological garden. <em>PeerJ<\/em> <strong>8<\/strong>:e9191 DOI:<strong>&nbsp;<\/strong><a href=\"https:\/\/doi.org\/10.7717\/peerj.9191\"><strong>https:\/\/doi.org\/10.7717\/peerj.9191<\/strong><\/a><\/p>\n\n\n\n<p>Nieckarz Z. 2019. TymOddycham.uj.edu.pl \u2014 use of university smog detector network for society and science (in Polish). <em>Folia Medica Cracoviensia<\/em>, <strong>Vol. LIX<\/strong>, Supplement 1, <strong>ISSN 0015-5616<\/strong><\/p>\n\n\n\n<h3 class=\"wp-block-heading\"><strong>Press informations<\/strong><\/h3>\n\n\n<p><a href=\"https:\/\/www.infor.pl\/akt-prawny\/U80.2019.120.0004901,metryka,uchwala-nr-ix11119-rady-miejskiej-w-skawinie-w-sprawie-ustanowienia-gminnego-programu-niskoemisyjnego-dla-gminy-skawina-na-lata-2019-2023.html\"> Gminny program niskoemisyjny dla Gminy Skawina na lata 2019 &#8211; 2023 (DZIENNIK URZ\u0118DOWY WOJEW\u00d3DZTWA MA\u0141OPOLSKIEGO )<\/a><br><a href=\"http:\/\/www.kalwaria-zebrzydowska.pl\/index.php?option=com_content&amp;view=article&amp;id=9397:ju-12-czujnikow-pomiaru-powietrza-na-terenie-caej-gminy&amp;catid=295:czyste-powietrze\">Ju\u017c 12 czujnik\u00f3w pomiaru powietrza na terenie ca\u0142ej gminy (Aktualno\u015bci, Urz\u0105d Miasta Kalwarii Zebrzydowskiej)<\/a><br><a href=\"https:\/\/wadowiceonline.pl\/biznes\/12653-juz-12-czujnikow-pomiaru-powietrza-w-gminie-kalwaria\"> Ju\u017c 12 czujnik\u00f3w pomiaru powietrza w gminie Kalwaria (WadowiceOnline.pl)<\/a><br><a href=\"http:\/\/www.krzecinsolectwo.pl\/solectwo\/?p=1639\"> Czym oddychamy w Krz\u0119cinie (KrzecinSolectwo.pl)<\/a><br><a href=\"https:\/\/sp2stanislawd.iap.pl\/wydarzenia.html\"> Dlaczego smog jest gro\u017any jak smok? (Zesp\u00f3\u0142 Szkolno-Przedszkolny w Stanis\u0142awiu Dolnym)<\/a><br><a href=\"https:\/\/docplayer.pl\/120622462-Gmina-liszki-bez-pediatry.html\"> Gdzie sprawdzisz jako\u015b\u0107 powietrza? (glos24.pl, Luty 2018, Nr 2, Str. 2)<\/a><\/p>","protected":false},"excerpt":{"rendered":"<p>Science publications Nieckarz, Z., Pawlak, K. &amp; Zoladz, J.A. 2023. Health risks for children exercising in an air-polluted environment can be reduced by monitoring air quality with low-cost particle sensors.\u00a0Sci Rep\u00a013, 18261 (2023). https:\/\/doi.org\/10.1038\/s41598-023-45426-3 Nieckarz, Z., Pawlak, K., Baran, A.&nbsp;et al.&nbsp;2023. The concentration of particulate matter in the barn air and its influence on the &#8230; <a title=\"Publications\" class=\"read-more\" href=\"https:\/\/tymoddycham.uj.edu.pl\/index.php\/en\/press-informations\/\">Read more<span class=\"screen-reader-text\">Publications<\/span><\/a><\/p>\n","protected":false},"author":1,"featured_media":0,"parent":0,"menu_order":0,"comment_status":"closed","ping_status":"closed","template":"","meta":{"generate_page_header":"","footnotes":""},"class_list":["post-1473","page","type-page","status-publish"],"_links":{"self":[{"href":"https:\/\/tymoddycham.uj.edu.pl\/index.php\/wp-json\/wp\/v2\/pages\/1473","targetHints":{"allow":["GET"]}}],"collection":[{"href":"https:\/\/tymoddycham.uj.edu.pl\/index.php\/wp-json\/wp\/v2\/pages"}],"about":[{"href":"https:\/\/tymoddycham.uj.edu.pl\/index.php\/wp-json\/wp\/v2\/types\/page"}],"author":[{"embeddable":true,"href":"https:\/\/tymoddycham.uj.edu.pl\/index.php\/wp-json\/wp\/v2\/users\/1"}],"replies":[{"embeddable":true,"href":"https:\/\/tymoddycham.uj.edu.pl\/index.php\/wp-json\/wp\/v2\/comments?post=1473"}],"version-history":[{"count":11,"href":"https:\/\/tymoddycham.uj.edu.pl\/index.php\/wp-json\/wp\/v2\/pages\/1473\/revisions"}],"predecessor-version":[{"id":1941,"href":"https:\/\/tymoddycham.uj.edu.pl\/index.php\/wp-json\/wp\/v2\/pages\/1473\/revisions\/1941"}],"wp:attachment":[{"href":"https:\/\/tymoddycham.uj.edu.pl\/index.php\/wp-json\/wp\/v2\/media?parent=1473"}],"curies":[{"name":"wp","href":"https:\/\/api.w.org\/{rel}","templated":true}]}}